nder when 245 is divided by 13?
11
What is the remainder when 411 is divided by 11?
4
Calculate the remainder when 567 is divided by 73.
56
Calculate the remainder when 27 is divided by 9.
0
What is the remainder when 46 is divided by 26?
20
What is the remainder when 178 is divided by 5?
3
Calculate the remainder when 238 is divided by 75.
13
What is the remainder when 1027 is divided by 55?
37
Calculate the remainder when 3919 is divided by 35.
34
What is the remainder when 196 is divided by 43?
24
What is the remainder when 17739 is divided by 5?
4
Calculate the remainder when 2711 is divided by 78.
59
Calculate the remainder when 26 is divided by 10.
6
What is the remainder when 5605 is divided by 51?
46
What is the remainder when 104 is divided by 58?
46
What is the remainder when 225 is divided by 33?
27
What is the remainder when 142 is divided by 27?
7
Calculate the remainder when 553 is divided by 15.
13
What is the remainder when 14474 is divided by 11?
9
What is the remainder when 99 is divided by 12?
3
Calculate the remainder when 2286 is divided by 51.
42
What is the remainder when 85 is divided by 63?
22
Calculate the remainder when 42 is divided by 15.
12
What is the remainder when 695 is divided by 80?
55
What is the remainder when 33 is divided by 9?
6
Calculate the remainder when 197 is divided by 94.
9
What is the remainder when 893 is divided by 181?
169
Calculate the remainder when 2017 is divided by 15.
7
What is the remainder when 1163 is divided by 285?
23
Calculate the remainder when 219 is divided by 4.
3
Calculate the remainder when 7621 is divided by 2540.
1
Calculate the remainder when 2711 is divided by 12.
11
What is the remainder when 55 is divided by 28?
27
What is the remainder when 44 is divided by 33?
11
What is the remainder when 269 is divided by 47?
34
What is the remainder when 176 is divided by 28?
8
What is the remainder when 13982 is divided by 177?
176
What is the remainder when 594 is divided by 55?
44
Calculate the remainder when 818 is divided by 273.
272
What is the remainder when 231 is divided by 73?
12
What is the remainder when 180 is divided by 65?
50
Calculate the remainder when 141 is divided by 21.
15
What is the remainder when 3217 is divided by 92?
89
Calculate the remainder when 4423 is divided by 158.
157
Calculate the remainder when 1463 is divided by 113.
107
Calculate the remainder when 34240 is divided by 39.
37
Calculate the remainder when 238 is divided by 25.
13
What is the remainder when 6260 is divided by 24?
20
Calculate the remainder when 85 is divided by 13.
7
What is the remainder when 263 is divided by 128?
7
Calculate the remainder when 253 is divided by 15.
13
Calculate the remainder when 649 is divided by 173.
130
What is the remainder when 151 is divided by 10?
1
Calculate the remainder when 19 is divided by 14.
5
What is the remainder when 35 is divided by 16?
3
Calculate the remainder when 738 is divided by 369.
0
Calculate the remainder when 26 is divided by 4.
2
What is the remainder when 907 is divided by 376?
155
Calculate the remainder when 775 is divided by 87.
79
What is the remainder when 2167 is divided by 70?
67
Calculate the remainder when 149 is divided by 79.
70
What is the remainder when 280 is divided by 142?
138
What is the remainder when 34187 is divided by 44?
43
Calculate the remainder when 964 is divided by 87.
7
Calculate the remainder when 1514 is divided by 25.
14
What is the remainder when 895 is divided by 56?
55
Calculate the remainder when 447 is divided by 64.
63
Calculate the remainder when 13767 is divided by 270.
267
Calculate the remainder when 164 is divided by 2.
0
What is the remainder when 2719 is divided by 2710?
9
Calculate the remainder when 626 is divided by 33.
32
What is the remainder when 3632 is divided by 130?
122
Calculate the remainder when 362 is divided by 4.
2
Calculate the remainder when 83 is divided by 2.
1
What is the remainder when 1781 is divided by 222?
5
Calculate the remainder when 282 is divided by 7.
2
What is the remainder when 3033 is divided by 69?
66
Calculate the remainder when 675 is divided by 18.
9
What is the remainder when 87 is divided by 12?
3
Calculate the remainder when 212 is divided by 107.
105
Calculate the remainder when 166 is divided by 36.
22
Calculate the remainder when 106 is divided by 62.
44
Calculate the remainder when 1602 is divided by 26.
16
Calculate the remainder when 44 is divided by 24.
20
Calculate the remainder when 121 is divided by 18.
13
Calculate the remainder when 205 is divided by 37.
20
Calculate the remainder when 10028 is divided by 52.
44
What is the remainder when 134 is divided by 74?
60
What is the remainder when 1364 is divided by 21?
20
Calculate the remainder when 604 is divided by 151.
0
What is the remainder when 209 is divided by 55?
44
What is the remainder when 195 is divided by 99?
96
What is the remainder when 679 is divided by 17?
16
Calculate the remainder when 24838 is divided by 59.
58
Calculate the remainder when 7201 is divided by 136.
129
What is the remainder when 256 is divided by 26?
22
What is the remainder when 923 is divided by 84?
83
What is the remainder when 446 is divided by 45?
41
Calculate the remainder when 1407 is divided by 83.
79
What is the remainder when 21687 is divided by 199?
195
What is the remainder when 568 is divided by 19?
17
Calculate the remainder when 757 is divided by 76.
73
What is the remainder when 257 is divided by 13?
10
Calculate the remainder when 263 is divided by 38.
35
Calculate the remainder when 5367 is divided by 13.
11
What is the remainder when 841 is divided by 222?
175
Calculate the remainder when 269 is divided by 267.
2
Calculate the remainder when 32 is divided by 32.
0
What is the remainder when 3313 is divided by 195?
193
What is the remainder when 382 is divided by 81?
58
Calculate the remainder when 442 is divided by 442.
0
Calculate the remainder when 677 is divided by 229.
219
Calculate the remainder when 196 is divided by 41.
32
What is the remainder when 17 is divided by 8?
1
Calculate the remainder when 1611 is divided by 101.
96
Calculate the remainder when 121 is divided by 14.
9
What is the remainder when 80 is divided by 13?
2
What is the remainder when 1301 is divided by 256?
21
What is the remainder when 32 is divided by 21?
11
Calculate the remainder when 5611 is divided by 61.
60
What is the remainder when 51 is divided by 35?
16
Calculate the remainder when 180 is divided by 57.
9
Calculate the remainder when 1069 is divided by 62.
15
What is the remainder when 87 is divided by 49?
38
What is the remainder when 1701 is divided by 172?
153
Calculate the remainder when 975 is divided by 140.
135
Calculate the remainder when 81 is divided by 56.
25
What is the remainder when 12 is divided by 5?
2
Calculate the remainder when 499 is divided by 25.
24
Calculate the remainder when 369 is divided by 63.
54
Calculate the remainder when 102 is divided by 74.
28
Calculate the remainder when 251 is divided by 49.
6
What is the remainder when 26424 is divided by 175?
174
Calculate the remainder when 47 is divided by 14.
5
Calculate the remainder when 230 is divided by 79.
72
Calculate the remainder when 3249 is divided by 125.
124
What is the remainder when 538 is divided by 535?
3
Calculate the remainder when 5035 is divided by 240.
235
What is the remainder when 3833 is divided by 87?
5
Calculate the remainder when 519 is divided by 174.
171
What is the remainder when 1699 is divided by 190?
179
What is the remainder when 513 is divided by 43?
40
Calculate the remainder when 232 is divided by 42.
22
Calculate the remainder when 577 is divided by 359.
218
Calculate the remainder when 1256 is divided by 74.
72
What is the remainder when 78 is divided by 25?
3
What is the remainder when 1110 is divided by 277?
2
What is the remainder when 158 is divided by 8?
6
Calculate the remainder when 299 is divided by 114.
71
What is the remainder when 119 is divided by 15?
14
Calculate the remainder when 198 is divided by 17.
11
What is the remainder when 399 is divided by 20?
19
Calculate the remainder when 69 is divided by 27.
15
Calculate the remainder when 894 is divided by 30.
24
Calcula